s 35 divide 3255?
True
Does 68 divide 1224?
True
Does 10 divide 750?
True
Does 175 divide 39025?
True
Does 5 divide 190?
True
Is 2 a factor of 1149?
False
Does 26 divide 2964?
True
Is 25208 a multiple of 23?
True
Is 1552 a multiple of 97?
True
Is 12 a factor of 15720?
True
Does 30 divide 2280?
True
Does 51 divide 5050?
False
Is 1648 a multiple of 98?
False
Does 6 divide 1237?
False
Is 10379 a multiple of 18?
False
Does 232 divide 21808?
True
Does 76 divide 23321?
False
Is 13 a factor of 2789?
False
Is 3 a factor of 459?
True
Is 24050 a multiple of 10?
True
Does 7 divide 1645?
True
Is 1190 a multiple of 7?
True
Is 1560 a multiple of 39?
True
Is 2112 a multiple of 64?
True
Is 432 a multiple of 14?
False
Is 23 a factor of 24265?
True
Is 35367 a multiple of 72?
False
Does 5 divide 12330?
True
Does 13 divide 494?
True
Is 1350 a multiple of 45?
True
Is 17526 a multiple of 129?
False
Does 8 divide 1278?
False
Is 229 a factor of 1422?
False
Is 133 a multiple of 22?
False
Is 16 a factor of 3024?
True
Does 5 divide 40?
True
Is 12 a factor of 53376?
True
Is 11 a factor of 220?
True
Is 5 a factor of 320?
True
Is 41 a factor of 773?
False
Is 86 a factor of 104914?
False
Does 8 divide 17451?
False
Is 1254 a multiple of 22?
True
Does 12 divide 27137?
False
Does 31 divide 67?
False
Is 15 a factor of 465?
True
Is 11239 a multiple of 4?
False
Does 2 divide 2947?
False
Is 1589 a multiple of 22?
False
Is 6 a factor of 16?
False
Is 160 a multiple of 78?
False
Does 42 divide 27090?
True
Does 60 divide 11040?
True
Is 3012 even?
True
Does 30 divide 2044?
False
Is 2416 a multiple of 43?
False
Does 17 divide 7596?
False
Is 80 a factor of 3520?
True
Does 24 divide 1080?
True
Does 24 divide 142344?
True
Is 175370 a multiple of 13?
True
Does 3 divide 99?
True
Does 44 divide 3614?
False
Is 175 a multiple of 5?
True
Is 8 a factor of 1688?
True
Is 14 a factor of 2500?
False
Is 496 a multiple of 62?
True
Does 51 divide 3140?
False
Is 3101 a multiple of 32?
False
Does 146 divide 7831?
False
Is 20 a multiple of 2?
True
Is 36 a factor of 56699?
False
Is 624 a multiple of 24?
True
Is 7 a factor of 16372?
False
Does 14 divide 742?
True
Is 240 a multiple of 3?
True
Is 102 a multiple of 23?
False
Does 30 divide 25064?
False
Is 805 a multiple of 35?
True
Does 77 divide 3927?
True
Is 15 a factor of 2910?
True
Does 21 divide 996?
False
Is 659 a multiple of 13?
False
Is 15 a factor of 289?
False
Does 15 divide 1596?
False
Is 19 a factor of 3882?
False
Is 864 a multiple of 24?
True
Is 10 a factor of 3850?
True
Is 105 a factor of 3813?
False
Is 12 a factor of 2208?
True
Is 14880 a multiple of 31?
True
Is 7192 a multiple of 9?
False
Is 4957 a multiple of 6?
False
Is 174 a factor of 25047?
False
Is 7 a factor of 678?
False
Is 30153 a multiple of 233?
False
Does 11 divide 12067?
True
Does 18 divide 450?
True
Does 59 divide 1829?
True
Is 368 a multiple of 23?
True
Is 6 a factor of 3144?
True
Is 45 a factor of 12690?
True
Is 1230 a multiple of 5?
True
Is 71 a factor of 9658?
False
Is 11 a factor of 28988?
False
Is 5 a factor of 140?
True
Is 8 a factor of 8128?
True
Is 10 a factor of 5663?
False
Is 7 a factor of 2148?
False
Is 21027 a multiple of 129?
True
Is 1772 a multiple of 4?
True
Is 51 a factor of 20927?
False
Is 4 a factor of 3532?
True
Is 21021 a multiple of 49?
True
Does 115 divide 7820?
True
Does 26 divide 1430?
True
Is 18 a factor of 18882?
True
Does 20 divide 77?
False
Is 2804 a multiple of 16?
False
Is 239 a factor of 10134?
False
Does 23 divide 1334?
True
Is 28 a factor of 2424?
False
Does 50 divide 10272?
False
Does 80 divide 28160?
True
Does 25 divide 381?
False
Does 47 divide 5217?
True
Is 25 a factor of 2433?
False
Is 9270 a multiple of 90?
True
Is 2529 a multiple of 61?
False
Is 7027 a multiple of 6?
False
Is 5903 a multiple of 28?
False
Is 994 a multiple of 3?
False
Does 13 divide 6672?
False
Does 21 divide 2283?
False
Is 171 a multiple of 2?
False
Does 12 divide 186?
False
Is 2117 a multiple of 25?
False
Does 43 divide 2967?
True
Does 59 divide 4951?
False
Is 22 a factor of 15817?
False
Is 77721 a multiple of 405?
False
Is 12 a factor of 8390?
False
Is 23865 a multiple of 111?
True
Is 42 a factor of 84?
True
Does 3 divide 4574?
False
Is 452 a multiple of 18?
False
Does 154 divide 24794?
True
Is 28 a factor of 764?
False
Is 1714 a multiple of 47?
False
Is 12036 a multiple of 174?
False
Is 13 a factor of 950?
False
Does 17 divide 2429?
False
Is 66 a factor of 3888?
False
Is 1675 a multiple of 84?
False
Does 22 divide 8056?
False
Is 735 a multiple of 15?
True
Is 108 a factor of 648?
True
Is 1958 a multiple of 11?
True
Is 291 a multiple of 18?
False
Does 5 divide 10745?
True
Does 75 divide 22050?
True
Is 109550 a multiple of 14?
True
Does 21 divide 2548?
False
Is 409 a factor of 61759?
True
Is 2 a factor of 650?
True
Is 24 a factor of 18723?
False
Does 98 divide 13251?
False
Is 87 a factor of 5481?
True
Is 3842 a multiple of 69?
False
Does 56 divide 1981?
False
Does 6 divide 147?
False
Is 5094 a multiple of 15?
False
Is 9 a factor of 345?
False
Is 16 a factor of 31610?
False
Does 20 divide 1920?
True
Is 28809 a multiple of 291?
True
Does 60 divide 33770?
False
Is 9 a factor of 4068?
True
Is 393 a multiple of 87?
False
Is 9 a factor of 16396?
False
Is 561 a multiple of 11?
True
Is 72 a multiple of 46?
False
Is 2105 a multiple of 21?
False
Does 31 divide 40052?
True
Is 199 a multiple of 4?
False
Is 158 a factor of 2686?
True
Does 24 divide 52714?
False
Does 2 divide 800?
True
Is 1949 a multiple of 18?
False
Is 3 a factor of 327?
True
Is 4573 a multiple of 87?
False
Does 2 divide 367?
False
Does 206 divide 104648?
True
Does 180 divide 21240?
True
Is 64 a factor of 2909?
False
Does 135 divide 25279?
False
Is 13 a factor of 7436?
True
Is 3771 a multiple of 4?
False
Is 122 a factor of 49599?
False
Is 20 a factor of 10520?
True
Does 6 divide 4230?
True
Does 71 divide 5608?
False
Is 689 a multiple of 13?
True
Is 114 a multiple of 5?
False
Is 10584 a multiple of 56?
True
Is 10 a factor of 10160?
True
Does 35 divide 1960?
True
Does 62 divide 3143?
False
Is 65 a factor of 15405?
True
Is 24 a factor of 15264?
True
Does 29 divide 2001?
True
Is 14025 a multiple of 51?
True
Does 9 divide 4174?
False
Is 7736 a multiple of 6?
False
Does 37 divide 407?
True
Does 12 divide 73?
False
Is 39594 a multiple of 147?
False
Is 34765 a multiple of 14?
False
Is 2313 a multiple of 7?
False
Is 1941 a multiple of 38?
False
Does 48 divide 434?
False
Is 23 a factor of 4355?
False
Is 9 a factor of 261?
True
Is 116 a factor of 7656?
True
Does 7 divide 6979?
True
Is 9 a factor of 4131?
True
Is 6025 a multiple of 195?
False
Does 21 divide 6636?
True
Is 29770 a multiple of 65?
True
Does 129 divide 79077?
True
Does 17 divide 17879?
False
Does 41 divide 8198?
False
Is 656 a multiple of 12?
False
Is 13 a factor of 295?
False
Is 21 a factor of 600?
False
Does 52 divide 49140?
True
Does 39 divide 20358?
True
Is 96 a factor of 28032?
True
Is 90 a factor of 10939?
False
Is 289 a factor of 37281?
True
Does 98 divide 2052?
False
Is 565 a multiple of 51?
False
Is 3809 a multiple of 13?
True
Is 2 a factor of 3394?
True
Is 688 a multiple of 36?
False
Does 32 divide 4928?
True
Is 2780 a multiple of 10?
True
Does 26 divide 156?
True
Is 388 a multiple of 97?
True
Does 163 divide 36045?
False
Is 21 a factor of 798?
True
Does 40 divide 3360?
True
Is 54 a factor of 2980?
False
Does 100 divide 1400?
True
Does 401 divide 36090?
True
Does 114 divide 8094?
True
Does 6 divide 6522?
True
Is 244 a factor of 16104?
True
Is 66 a factor of 3696?
True
Does 20 divide 620?
True
Is 67 a factor of 118610?
False
Is 8 a factor of 616?
True
Is 51 a factor of 38250?
True
Is 11 a factor of 176?
True
Is 448 a factor of 37014?
False
Does 63 divide 2583?
True
Is 2143 a multiple of 23?
False
Does 16 divide 224?
True
Is 11 a factor of 67?
False
Is 12 a factor of 12?
True
Does 7 divide 18459?
True
Is 28925 a multiple of 25?
True
Is 42 a factor of 4200?
True
Is 642 a multiple of 107?
True
Is 27 a factor of 52569?
True
Is 3 a factor of 185?
False
Does 13 divide 1455?
False
Is 5881 a multiple of 11?
False
Is 110 a factor of 11880?
True
Does 9 divide 1395?
True
Is 1561 a multiple of 22?
False
Is 12 a factor of 281?
False
Does 23 divide 17917?
True
Is 185 a m